 of a(-17)?
1
Suppose 798*w = 795*w + 3*y + 115785, 5*w = y + 192963. What is the hundreds digit of w?
5
Let n = -384 + 410. What is the tens digit of 4/((n/(-312))/(9/(-4)))?
0
Suppose 0 = -9*s - 0*s + 216. Suppose -3396 = -s*a + 4836. What is the units digit of a?
3
Suppose 27819 = 4*v - 7*t + 4*t, 0 = 2*v - 4*t - 13902. What is the thousands digit of v?
6
Let b = -11556 + 16826. What is the thousands digit of b?
5
Let k(l) = 10*l + 21. Let s(m) = -m + 1. Let v(i) = -k(i) + 4*s(i). What is the hundreds digit of v(-14)?
1
Let r(q) = -2*q**3 + 5*q**2 + 62*q + 12. Let z be r(7). Suppose -18*o + 10333 = z*h - 17*o, -2*o = -6. What is the tens digit of h?
6
Let r(x) = x**3 - 21*x**2 - 48*x + 48. Let y be r(23). Suppose -4*u = -2*i + u + 71, i - 31 = -y*u. What is the tens digit of i?
3
Let a(b) = -3*b**3 - 5*b**2 - 33*b - 163. What is the thousands digit of a(-11)?
3
Suppose 0 = -3*a + 5*u - 48, -3*u + 12 = 2*a + 25. Let m(s) = -s**3 + 2*s**2 + 9*s - 82. What is the tens digit of m(a)?
9
What is the ten thousands digit of (17*4/6 + 1)*(1960 - 19)?
2
Let f = -7 + 9. Suppose -2*w + f*r + 543 = 3*w, 5*w - 550 = -5*r. What is the units digit of w?
9
Suppose -3*c + 96*c = 663369. What is the hundreds digit of c?
1
What is the hundreds digit of 546/((-1834)/(-182) - 10)?
0
Let t(s) = 51*s**2 - 34*s + 83. What is the thousands digit of t(7)?
2
Let d(h) = -22*h + 155 + 41 - 25*h + 34*h. What is the hundreds digit of d(-12)?
3
Suppose x = -4*d + 20, 2*d = x + x. What is the tens digit of (10604/99)/(d/18)?
8
Let r(m) = -m**2 + m + 1. Let f(l) = 4*l + 3. Let b be f(-1). Let i(s) = 7*s**2 + 4*s - 2. Let o(d) = b*i(d) - 6*r(d). What is the units digit of o(-8)?
2
Suppose 5*r + 4*n - 295342 = -41966, 4*r - 5*n = 202709. What is the units digit of r?
6
Let b(i) = -i**3 + i**2 + i + 1. Let n(g) = 5*g**3 - 20*g**2 - g + 12. Let v(s) = -6*b(s) - n(s). Let f = -97 + 83. What is the units digit of v(f)?
2
Suppose 41 = 7*v - 414. Suppose 4815 = -56*g + v*g. What is the tens digit of g?
3
Suppose 5*o = 2*z - 4669, 0*z - z + 5*o + 2342 = 0. What is the hundreds digit of z?
3
Let s(u) = -66*u**3 - 5*u**2 + 3. Suppose -5*k - 3*o - 10 = 0, -2*k = -0*k + 5*o + 4. What is the units digit of s(k)?
1
Suppose -29*h = -90*h + 165615. What is the thousands digit of h?
2
Suppose -2*n = n + 51. Let v(r) = -3*r + 49. Let t(l) = 2*l - 25. Let c(k) = 5*t(k) + 3*v(k). What is the units digit of c(n)?
5
Let y be (-15 - 25) + (-1 - 0 - -3). Let c = y + 42. Suppose r - 5*p = 122, 5*p + 203 = c*r - 270. What is the units digit of r?
7
Let a = -4 + 18. Let h = a + -12. Suppose -g + h*g - 165 = 0. What is the tens digit of g?
6
Let n(j) = 2*j**3 + 30*j**2 + 14*j + 12. Let s be n(-15). Let y = s + 283. What is the units digit of y?
5
Let s(u) be the third derivative of -u**7/140 - u**6/240 - u**5/10 + u**2. Let n(r) be the third derivative of s(r). What is the tens digit of n(-2)?
6
Suppose 2*k + 12 = 6, 2*p - 2*k - 110 = 0. Suppose -p*r - 4004 = -74*r. What is the tens digit of r?
8
Let q = -4459 - -15218. What is the ten thousands digit of q?
1
Suppose 4*c = 13*c - 67*c + 861532. What is the hundreds digit of c?
8
Suppose 12*k = 25*k - 26. Suppose -22 = -k*q - i + 2098, 2*q - 2114 = 2*i. What is the units digit of q?
9
Suppose -3 = -z - 6, -4*n + 2*z = 2382. Let w = -304 - n. What is the units digit of w?
3
What is the hundreds digit of 4/6 + ((-1)/4 - 6700343/(-492))?
6
Suppose 0 = 7*w - 3*w + o - 22510, -5617 = -w + 5*o. What is the hundreds digit of w?
6
Let u be (0/9)/(4 - 2). Let w be (u/1)/(8/(-2 + -2)). What is the hundreds digit of (w + 7)*(174/7 + 0)?
1
Suppose -148*n - 42844 = -364875 - 501293. What is the tens digit of n?
6
Let n(s) = 88*s - 20. Let p = -67 - -71. What is the units digit of n(p)?
2
Suppose 0 = 2*i + 3*j - 46130 + 3718, j - 21206 = -i. What is the hundreds digit of i?
2
Let g = 7098 + -3086. What is the units digit of g?
2
Let y = 702 - 1240. Let o = y - -1013. What is the tens digit of o?
7
Let w(o) = -o**2 + 11*o - 17. Let k be w(8). Suppose 3*j - k = g, 4*g + 0*j + 15 = -j. Let y = g - -72. What is the tens digit of y?
6
Let w(r) = -3*r**2 - 11*r + 13128. What is the units digit of w(0)?
8
Suppose 4*w + 14 = -6. What is the units digit of 8/(2/w*10/(-344))?
8
Let m = 125320 + -69314. What is the tens digit of m?
0
Let m(x) = 5*x**2 - 9*x - 204. What is the tens digit of m(28)?
6
What is the tens digit of (10 + -2)/(-8)*(2 - 1591)?
8
Let u be (2*(-6)/(-18))/((-2)/(-12)). What is the tens digit of (u + 51*-5)/((-2)/4)?
0
Suppose -5 = y + 4*k, 4*y - k = -4*k + 6. What is the units digit of (1828/(-2))/((-2)/y*3)?
7
Let v(x) = 5*x + 106. Let q be v(-20). What is the hundreds digit of q + (-4 - 3380)/(-6)?
5
Suppose -2147*f = -2169*f + 110374. What is the units digit of f?
7
Suppose 551 = 2*m - 6*v + 7*v, 4*v = 5*m - 1384. What is the tens digit of m?
7
Let h(l) = -l**3 - 12*l**2 + 47*l + 24. Let k be h(-15). What is the hundreds digit of (-5997)/k*(-31 - -33)?
9
Let y = -29 - -31. Suppose -3*t + 5*i = -224, -i + 7 - y = 0. What is the tens digit of t?
8
Let i(a) = 77*a**2 - 17*a**2 + 7*a**2 - 5 + 2*a**2 + 137*a**2 + a. What is the hundreds digit of i(2)?
8
Let p(v) = 2*v**2 + 8*v - 11. Let l be (-1 + 11/(-3))/((-14)/(-21)). Let y be p(l). Suppose c - 53 = y. What is the tens digit of c?
8
Suppose t = -4 + 7. Suppose 4*z + 38 = w + z, -t*z = -2*w + 85. Suppose 3*x - w = -f, -3*x = 2*f + 2*f - 197. What is the tens digit of f?
5
Suppose 49*w - 8*w = 17097. Suppose -486*m - w = -487*m. What is the tens digit of m?
1
Suppose 38*d - 39*d = 0. Let r be ((-1)/(-2) - d) + (-21)/(-6). Suppose 74 = p + 2*p - r*l, l = 3*p - 86. What is the units digit of p?
0
Let i(p) = 71*p**3 + 17*p**2 - 15*p - 20. What is the units digit of i(5)?
5
Suppose -4*z + 17 = -z + 5*q, -3*z - 7 = -q. Let c be z/4 - 147/(-28). Suppose c*x - 6*x + 36 = 0. What is the tens digit of x?
3
Let a(r) = r**2 + 2*r - 1. Let k be a(1). Let s(i) = -17*i**3 + 15*i**3 - 8*i**2 + 3*i**k - 3*i. What is the tens digit of s(-3)?
1
Let q(v) = v**2 - 11*v - 17. Let u be q(19). Suppose 0 = 2*p + 3*l + u - 35, 0 = 3*l - 12. What is the hundreds digit of ((-2)/(-3))/(p/(-20244))?
2
Let n(s) = 10*s**2 - 141 - s**3 - 3*s**3 - 38*s + 3*s**3 + 63*s. What is the hundreds digit of n(9)?
1
Let n = 10846 + 392. What is the hundreds digit of n?
2
Suppose 0*q = -q + 232. Let o(g) = 137*g - 1. Let a be o(-1). Let l = a + q. What is the tens digit of l?
9
Let g = -276 + 836. Let j = g + 232. What is the units digit of j?
2
Let v(a) = -5*a - 4. Let h be v(-2). What is the tens digit of 4/h + (-9630)/(-135)?
7
Let i(b) = b**2 + 9*b + 20. Let d(l) = 4*l - 53. Let q be d(11). Let h be i(q). What is the hundreds digit of h/(-25) - (-2836)/20?
1
Let s = -310 + 978. Suppose -11*q + s = -1015. What is the units digit of q?
3
Let g = -15 + -38. Let k = g + 59. What is the tens digit of 371/3 + k/(-9)?
2
Let c(x) be the second derivative of -x**4/12 - 2*x**3 + 5*x**2 - 2*x. Let d = 1931 - 1938. What is the units digit of c(d)?
5
Let k(w) = 4 + 10 - 30*w - 107*w. What is the units digit of k(-3)?
5
Let d(m) = m**3 - 9*m**2 + 4*m - 29. Let h be d(9). Let a(l) = 248*l + 8. Let y be a(8). Suppose i - y = -h*i. What is the units digit of i?
9
Let f(v) = -5342*v**3 + v**2 + 58*v + 57. What is the units digit of f(-1)?
2
Suppose 0 = 28*l - 29*l + 713 + 2571. What is the thousands digit of l?
3
Let r = -2877 - -2856. Let y be (-1)/4 + (-409)/(-4). Let l = y - r. What is the units digit of l?
3
Suppose g + l = 1 - 0, g - 3*l - 17 = 0. Suppose -2*w + 5*t - t = -1140, -570 = -w + g*t. What is the units digit of w?
0
Let n(o) = 2*o - 3*o - 141 + 3*o + 153. Let x be n(14). What is the tens digit of (x/30)/(1/108)?
4
Suppose 2*l = -4*i + 31250 + 4030, 2*i - l - 17656 = 0. What is the thousands digit of i?
8
Let w = -56 - 35. Let m = -93 - w. What is the tens digit of m/(1 - 15/9)*18?
5
Let l = 12316 - -3055. What is the units digit of l?
1
What is the tens digit of 6/4*203028/9?
3
Let b = 836 + 3691. What is the units digit of b?
7
Let b(o) = -75*o**3 + 41*o**3 + 35*o**3 - o**2 - 7*o. Let a be b(7). Suppose 4*j - a = p, 0 = -j + 5*p + 10 + 56. What is the units digit of j?
1
Let b be ((-19172)/2 - -2) + 8 + -3. What is the tens digit of 1/(-6) + 9/